{"id":8,"date":"2012-08-19T13:53:46","date_gmt":"2012-08-19T11:53:46","guid":{"rendered":"http:\/\/wp11049867.wp305.webpack.hosteurope.de\/nina\/?page_id=5"},"modified":"2015-07-18T19:39:57","modified_gmt":"2015-07-18T19:39:57","slug":"impressum","status":"publish","type":"page","link":"http:\/\/nina-roth.de\/?page_id=8","title":{"rendered":"Impressum"},"content":{"rendered":"<p><strong>Angaben gem\u00e4\u00df \u00a7 5 TMG<\/strong><\/p>\n<p>Nina Roth<\/p>\n<p>Egenolffstra\u00dfe 38<br \/>\n60316 Frankfurt am Main<\/p>\n<p><strong>Kontakt<\/strong><br \/>\nE-Mail: <a href=\"mailto:blog@nina-roth.de\">blog@nina-roth.de<\/a><\/p>\n<p>Verantwortlich nach \u00a7 6 Abs.2 MDStV (bzw. \u00a7 55 Abs. 2 RStV): Nina Roth, Anschrift siehe oben.<\/p>\n<hr \/>\n<h1>Disclaimer \u2013 rechtliche Hinweise<\/h1>\n<p><strong>* Haftungsbeschr\u00e4nkung f\u00fcr eigene Inhalte<\/strong>\u00a0Die Inhalte unserer Webseiten wurden sorgf\u00e4ltig und nach bestem Gewissen erstellt. Gleichwohl kann f\u00fcr die Aktualit\u00e4t, Vollst\u00e4ndigkeit und Richtigkeit s\u00e4mtlicher Seiten keine Gew\u00e4hr \u00fcbernommen werden. Gem\u00e4\u00df \u00a7 7 Abs. 1 TMG sind wir als Diensteanbieter f\u00fcr eigene Inhalte auf diesen Seiten nach den allgemeinen Gesetzen verantwortlich. Wir sind als Diensteanbieter nach den \u00a7\u00a7 8 bis 10 TMG jedoch nicht verpflichtet, \u00fcbermittelte oder gespeicherte fremde Informationen zu \u00fcberwachen. Ab dem Zeitpunkt der Kenntnis einer konkreten Rechtsverletzung erfolgt eine umgehende Entfernung dieser Inhalte durch uns. Eine diesbez\u00fcgliche Haftung kann erst ab dem Zeitpunkt der Kenntniserlangung \u00fcbernommen werden.<\/p>\n<p><strong>* Haftungsbeschr\u00e4nkung f\u00fcr externe Links<\/strong>\u00a0Unsere Webseite enth\u00e4lt Verkn\u00fcpfungen zu Webseiten Dritter (sog. \u201eexterne Links\u201c). Da wir auf deren Inhalte keinen Einfluss haben, kann f\u00fcr die fremden Inhalte keine Gew\u00e4hr \u00fcbernommen werden. F\u00fcr die Inhalte und Richtigkeit der Informationen ist stets der jeweilige Informationsanbieter der verlinkten Webseite verantwortlich. Zum Zeitpunkt der Verlinkung waren keine Rechtsverst\u00f6\u00dfe erkennbar. Sobald uns eine Rechtsverletzung bekannt wird, werden wir den jeweiligen Link umgehend entfernen.<\/p>\n<p><strong>* Urheberrecht<\/strong>\u00a0Die auf dieser Webseite ver\u00f6ffentlichten Inhalte und Werke unterliegen dem deutschen Urheberrecht. Jede Vervielf\u00e4ltigung, Bearbeitung, Verbreitung und jede Art der Verwertung au\u00dferhalb der Grenzen des Urheberrechts bed\u00fcrfen der vorherigen schriftlichen Zustimmung des jeweiligen Urhebers bzw. Autors.<\/p>\n<p><strong>* Datenschutz<\/strong>\u00a0Durch den Besuch unserer Webseite k\u00f6nnen Informationen \u00fcber den Zugriff (Datum, Uhrzeit, aufgerufene Seite) auf dem Server gespeichert werden. Dies stellt keine Auswertung personenbezogener Daten (z.B. Name, Anschrift oder E-Mail Adresse) dar. Sofern personenbezogene Daten erhoben werden, erfolgt dies \u2013 sofern m\u00f6glich \u2013 nur mit dem vorherigen Einverst\u00e4ndnis des Nutzers der Webseite. Eine Weiterleitung der Daten an Dritte findet ohne ausdr\u00fcckliche Zustimmung des Nutzers nicht statt. Wir weisen ausdr\u00fccklich darauf hin, dass die \u00dcbertragung von Daten im Internet (z.B. per E-Mail) Sicherheitsl\u00fccken aufweisen kann. Ein l\u00fcckenloser Schutz der Daten vor dem Zugriff Dritter ist nicht m\u00f6glich. Wir k\u00f6nnen keine Haftung f\u00fcr die durch solche Sicherheitsl\u00fccken entstehenden Sch\u00e4den \u00fcbernehmen. Der Verwendung aller ver\u00f6ffentlichten Kontaktdaten durch Dritte zum Zwecke von Werbung wird ausdr\u00fccklich widersprochen. Wir behalten uns rechtliche Schritte f\u00fcr den Fall der unverlangten Zusendung von Werbeinformationen, z.B. durch Spam-Mails, vor.<\/p>\n<p><strong>Quelle<\/strong>:\u00a0<a href=\"http:\/\/www.mustervorlage.net\/disclaimer-muster\">Disclaimer Muster<\/a>\u00a0in Zusammenarbeit mit ROSE &amp; PARTNER LLP \u2013 Hamburg<\/p>\n","protected":false},"excerpt":{"rendered":"<p>Angaben gem\u00e4\u00df \u00a7 5 TMG Nina Roth Egenolffstra\u00dfe 38 60316 Frankfurt am Main Kontakt E-Mail: blog@nina-roth.de Verantwortlich nach \u00a7 6 Abs.2 MDStV (bzw. \u00a7 55 Abs. 2 RStV): Nina Roth, Anschrift siehe oben. Disclaimer \u2013 rechtliche Hinweise * Haftungsbeschr\u00e4nkung f\u00fcr &hellip; <a href=\"http:\/\/nina-roth.de\/?page_id=8\">Weiterlesen <span class=\"meta-nav\">&rarr;<\/span><\/a><\/p>\n","protected":false},"author":1,"featured_media":0,"parent":0,"menu_order":999,"comment_status":"closed","ping_status":"closed","template":"","meta":{"footnotes":""},"_links":{"self":[{"href":"http:\/\/nina-roth.de\/index.php?rest_route=\/wp\/v2\/pages\/8"}],"collection":[{"href":"http:\/\/nina-roth.de\/index.php?rest_route=\/wp\/v2\/pages"}],"about":[{"href":"http:\/\/nina-roth.de\/index.php?rest_route=\/wp\/v2\/types\/page"}],"author":[{"embeddable":true,"href":"http:\/\/nina-roth.de\/index.php?rest_route=\/wp\/v2\/users\/1"}],"replies":[{"embeddable":true,"href":"http:\/\/nina-roth.de\/index.php?rest_route=%2Fwp%2Fv2%2Fcomments&post=8"}],"version-history":[{"count":3,"href":"http:\/\/nina-roth.de\/index.php?rest_route=\/wp\/v2\/pages\/8\/revisions"}],"predecessor-version":[{"id":7352,"href":"http:\/\/nina-roth.de\/index.php?rest_route=\/wp\/v2\/pages\/8\/revisions\/7352"}],"wp:attachment":[{"href":"http:\/\/nina-roth.de\/index.php?rest_route=%2Fwp%2Fv2%2Fmedia&parent=8"}],"curies":[{"name":"wp","href":"https:\/\/api.w.org\/{rel}","templated":true}]}}